hird derivative of -n**5/60 + 5*n**4/24 - 9*n**2. Suppose 3*v = 11 + 1. Is a(v) a composite number?
True
Let i(n) be the first derivative of n**3/3 - n**2/2 - 11*n - 3. Let o be i(-10). Let k = o + -56. Is k a composite number?
False
Let p(t) = -t + 4. Let c be p(-3). Let w(b) = -b + 8. Let i be w(c). Is (i - 14/4)*-6 composite?
True
Let l(c) = -c**3 + 6*c**2 - 5*c + 4. Let o be l(5). Suppose 18 + 34 = o*i. Let n = 24 - i. Is n a composite number?
False
Let v = 0 - 3. Let t(i) = -3*i + 1. Is t(v) composite?
True
Let n be 22 - (-1 + -1 + 3). Let y(i) = 3*i - 4. Let z be y(6). Suppose -z = -m + n. Is m composite?
True
Let l(d) = 78*d - 1. Suppose 21 = 3*b + 2*x, 0 = -2*b + 4*x - 4 + 2. Suppose 0 = -b*a + 3*m + 14, -3*m + 0 = -a + 10. Is l(a) a prime number?
False
Let d be 6*(2 + -5)/(-3). Is 22/(d/9 + 0) composite?
True
Let w = 3331 + -2007. Let b be (-2)/5 + w/10. Suppose 4*z - 132 = -2*y, 0 = -4*z + 2*y + 3*y + b. Is z a composite number?
True
Let k(y) = 29*y**2 + 10*y - 43. Is k(-14) a composite number?
False
Let m(o) = -67*o**3 + o. Let n be m(-1). Suppose -3*h + 0*h + 6 = 0. Suppose -4 = -h*y + n. Is y a composite number?
True
Let p be 2/5 + 36/10. Suppose -401 = -p*n - 141. Is n a prime number?
False
Suppose 5*j = -b + 15, -2*j - b + 0 + 6 = 0. Suppose -4*h + 3744 = 4*v, 3*v - 3264 = 2*h - 436. Suppose -7*o + j*o + v = 0. Is o a prime number?
False
Suppose 0*d = -4*d + 3628. Is d a composite number?
False
Suppose 2*f - 3*o + 13 = 0, -2*o + 30 = 5*f + 3*o. Is f*(6/(-3) + 37) a composite number?
True
Suppose -g + 6*g = 0. Suppose -5*a + 269 = 4*s, -2*a + g*s = 4*s - 110. Is a composite?
False
Suppose -3*a - 392 = -c, 0 = 2*c - 5*a - 0*a - 779. Is c a composite number?
True
Suppose 2*b + 3*c - 2*c = -41, 5*b + 107 = -c. Let s = 37 + b. Is s a prime number?
False
Is ((-8631)/(-27))/((-1)/(-3)) prime?
False
Is 17710/34 + 6/51 composite?
False
Let x = -6 + 16. Suppose f - 4*b - x = -0, 5*f = -4*b + 2. Suppose f*o = 3*m + 3, 5*m = -2*o + m + 24. Is o prime?
False
Suppose j - 296 = -3*y + 2*y, 4*j + 271 = y. Is y a composite number?
True
Let l be 2/((-8)/258)*4. Is l/(-4) + (-6)/(-12) prime?
False
Is (6 - (-2 + -1)) + 2 a prime number?
True
Let s be (-27)/(-18) + (-13)/2. Let j(c) = c**3 + 2*c**2 - 4 + 3*c**2 - 7*c + 0*c**3. Is j(s) prime?
True
Let p = 2291 - 1572. Is p composite?
False
Is 72/5 - 16/40 composite?
True
Let k be (-1727)/(-5) - (-2)/(-5). Suppose -i + 0*i = -2. Suppose j = -i*j + k. Is j prime?
False
Let t(w) = 8*w**3. Let r be t(1). Is 2/r + (-1535)/(-20) composite?
True
Let g be 1278 - (-4 + 1 + 2). Suppose -4*t = -1701 - g. Is t prime?
False
Let c = -77 - -778. Is c composite?
False
Let f = -88 + 125. Is f prime?
True
Let d = -164 - 72. Let r = 223 - d. Suppose 4*f - r = -111. Is f a composite number?
True
Is 24/(-108) - (-8986)/18 a composite number?
False
Let q = 1997 - 1356. Is q prime?
True
Let q = -53 + 1606. Is q a composite number?
False
Suppose -2*j - 4*x + 234 = 0, -3*x + 4*x - 331 = -3*j. Let m = j - 266. Let f = 78 - m. Is f a composite number?
True
Let u = 1003 + -696. Is u prime?
True
Suppose -l + 0*l - 16 = -x, -2*l - 2 = 0. Is x composite?
True
Let b(m) = -3*m + 0*m**2 - m**2 + 0*m + 4. Let r be b(-4). Suppose 2*l - 108 - 158 = r. Is l prime?
False
Let k(h) be the first derivative of h**6/18 + h**5/60 - h**4/24 - h**3 - 4. Let x(m) be the third derivative of k(m). Is x(2) a prime number?
True
Let o be (2212/(-42))/(2/18). Is o/(-9)*(-3)/(-2) composite?
False
Suppose 8*g = 34282 + 10078. Is g a composite number?
True
Let t(z) = -z**3 + 11*z**2 - 6*z + 11. Let k be (-2 - (0 + -2)) + 4. Let m be ((-54)/15)/(k/(-10)). Is t(m) composite?
True
Suppose y + 33 - 112 = 0. Is y a composite number?
False
Is 68*((-2)/(-8) + 1) a composite number?
True
Let g = 27 + 50. Suppose -458 + g = -3*w. Is w a prime number?
True
Let a = 71 - -152. Is a composite?
False
Suppose -8*a = -6*a. Suppose a = -3*j + 2*p + 165, -j - 280 = -6*j + 5*p. Is j a prime number?
True
Let x be (438/(-9))/(6/(-9)). Suppose -m + 0*m = -x. Suppose -2*g + 45 = -m. Is g prime?
True
Is 4404 + 5*4/20 a composite number?
True
Suppose h - 922 = -5*z + 1004, 3*h - 2*z = 5761. Is h a prime number?
False
Let m(a) be the second derivative of a**4/12 - 4*a**3/3 - 4*a**2 + a. Is m(-7) prime?
True
Let p be 1/(-4)*2*-6. Suppose -2*q = -2*l + 12, -2*l - p*q + 30 = 3*l. Is l prime?
False
Let c be (3 - (-3)/3)/1. Let n(k) = k**2 - k - 1. Let d be n(1). Let t = c + d. Is t composite?
False
Suppose -4*z + z = 3, -4*x = -3*z - 31. Let j(s) = 4*s - 2. Is j(x) a prime number?
False
Suppose 2*l + 8 = 4*z, -l - 2 = -z - 0*l. Suppose 3*m = -0*j + 5*j + 10, -j - z*m - 15 = 0. Let o = 82 - j. Is o a prime number?
False
Let p(t) = -114*t**3 - 5*t**2 - 6*t. Let u(h) = -23*h**3 - h**2 - h. Let i(j) = 2*p(j) - 11*u(j). Let y(r) = -r + 1. Let a be y(0). Is i(a) a composite number?
True
Suppose 1 = 2*n + 5. Let i(s) = -15*s**3 + 4*s**2 + 6*s + 3. Is i(n) prime?
True
Let p = -5 + 5. Let x = p + 5. Suppose -y = -x - 10. Is y composite?
True
Suppose 4*d = 7*d. Suppose -3*f = -2*p - 425, -4*f + 8*p - 3*p + 555 = d. Is f prime?
False
Let f(r) = r**3 - 1. Let h(z) = -z**3 - 8 - z**2 + 2*z**3 + 7*z**2. Let s(m) = -2*f(m) + h(m). Is s(5) a composite number?
False
Suppose -2*b - 4 = 2. Is b/(-6) - (-1058)/4 prime?
False
Suppose -2*p - 3*d - 3 = 0, 5*d + 1 + 4 = 2*p. Suppose p = -y - 2*c + 75, 2 = 3*c - 5*c. Is y a prime number?
False
Suppose 5*w + 2*r - 2446 - 2025 = 0, 3*w - 2694 = -5*r. Is w prime?
False
Let b = 11 - 7. Let w be (-1426)/(-8) + b/(-16). Suppose -w = -t - t. Is t prime?
True
Let y(o) = 3*o**3 - 10*o**2 + 13*o + 5. Let p(z) = -4*z**3 + 15*z**2 - 20*z - 8. Let g(q) = 5*p(q) + 7*y(q). Let r be 5*(2 + (-32)/10). Is g(r) composite?
False
Suppose 3*u - 2*u - 3 = 0, -14 = 2*d - 2*u. Let z be d/6 - 22/3. Is (-6)/z + 266/8 composite?
True
Suppose 3*n + 4*g = -3, -4*n + 4*g = -13 - 11. Suppose 13 = p + n*o - 24, -4*p + 5*o + 131 = 0. Is p a composite number?
True
Let z = 6 + -2. Let j(q) be the third derivative of 3*q**5/20 + 5*q**4/24 - q**3/6 + q**2. Is j(z) composite?
False
Suppose 2 - 1 = -4*u - v, 2*u + 23 = -5*v. Let l = 2 + u. Suppose -l*f = 3*y - 621, -2*f - y + 0*y = -412. Is f a prime number?
False
Suppose 6*h - 3574 = -1204. Suppose 0 = -5*a - z + h, 0 = -2*a + 4*z - 95 + 253. Is a composite?
False
Suppose -3344 = -5*f + 3*g, g - 492 = -f + 172. Is f a prime number?
False
Let a(p) = 406*p + 23. Is a(6) a composite number?
False
Let q(c) = -c**3 + 8*c**2 - 10*c - 2. Is q(-7) prime?
False
Suppose -5*j + 4 = -16. Suppose j + 6 = -y. Let h = 37 - y. Is h composite?
False
Let u = 53 - 36. Let b = u + -8. Is (-118)/(-6) - 6/b a composite number?
False
Suppose -15 = -4*y + 2*y - 3*w, 10 = -y + 2*w. Suppose 0 = -3*s - y*s + 357. Is s a prime number?
False
Is 1 + (-2946)/(-6) - (1 + 0) a composite number?
False
Suppose -2*u + 1306 = -0*u + 3*h, 4*u - 4*h - 2572 = 0. Is u a composite number?
False
Let t(l) = -957*l - 8. Is t(-3) prime?
False
Suppose 5*f - 3*x = -7*x - 12, -4*f + 3*x + 9 = 0. Suppose f = -0*a + a + 1. Is a - 1/1 - -35 composite?
True
Let u(d) = 4*d**3 + 3*d**2 - 2*d - 1. Let o be u(3). Let i = o - 81. Is i a composite number?
False
Let p(h) = 146*h**3 - h**2 - h + 1. Let c be 3*-1*(-1)/3. Is p(c) composite?
True
Suppose -2*y + 3*y + 2 = 0. Let n be ((-4)/(-6))/(y/(-9)). Is (-2)/6 - (-40)/n a prime number?
True
Suppose 3*y = t - 3, 0*y + t - 3 = -2*y. Suppose -2*l - g - 4 = y, 3 = l + 6*g - 3*g. Is 22*-2*l/4 prime?
False
Let o(r) = r**3 - 8*r**2 - 8*r - 8. Let y be o(9). Let g(u) = 7*u**3 + u**2 - 2*u + 1. Let l be g(y). Let i = 21 - l. Is i a prime number?
False
Suppose -2*m - 4*h + h = -19, 15 = 3*h. Suppose 5 + m = x. Let v(k) = -k**3 + 7*k**2 + 9*k - 10. Is v(x) a prime number?
True
Let s(y) = -7*y - 13. Let r be s(12). Let f = 154 + r. Is f prime?
False
Let k(a) = 20*a**3 - 16*a**2 - 26*a + 4. Let b(c) = 2*c + 3. Let y be b(7). Let p(t) = 7*t**3 - 5*t**2 - 9*t + 1. Let f(w) = y*p(w) - 6*k(w). Is f(11) prime?
False
Let u(s) = 4*s**2 + 5*s - 11. Let p(k) = k**2 + 8*k - 12. Let f be p(-9). Let t(y) = 9*y**2 + 11*y - 23. Let r(b) = f*t(b) + 7*u(b). Is r(7) a prime number?
False
Let r(q) = q**2 - 26*q + 16. Is r(-15) prime?
True
Let i(b) = 237*b**2 + 4*b + 8. Is i(3) compo